 Suppose -b*q = -q - 200. What is the units digit of q?
0
Let h = -896 - -1301. Let n = -214 + h. What is the hundreds digit of n?
1
Let u(n) = 39*n + 162. Let y be u(15). What is the tens digit of (-72)/(-12) - (-1 - y)?
5
Let k = 7225 + -4564. What is the units digit of k?
1
Suppose 1239 - 3955 = -4*j. Let m = j + -404. What is the hundreds digit of m?
2
Suppose 3*z - 4*r = 27, 0 = 3*z - 3*r - 11 - 13. Suppose -4*a + 2970 = 2*o + 226, -z*o + 6860 = -a. What is the units digit of o?
2
Let x(u) = 68*u + 1. Suppose -5*k - 3*k + 16 = 0. Let w be x(k). Let n = 47 + w. What is the units digit of n?
4
Let x(b) = -84*b + 793. What is the thousands digit of x(-38)?
3
Let s = -3 - 1. Let l be -3 - (s + -2 + 3) - -492. Suppose 114 = -6*y + l. What is the units digit of y?
3
Suppose 2*q = 2*h - h + 97, -2*q + 5*h + 109 = 0. Let w = 42 - q. What is the units digit of (-52)/w + 4/(-10)*1?
0
What is the tens digit of (-323414)/(-20) + (-267)/(-890)?
7
Let j(d) = -937*d + 10984. What is the ten thousands digit of j(-44)?
5
Suppose -4*q + 31892 = -6*r + 8*r, -5*q = -r - 39844. What is the hundreds digit of q?
9
Let g be -1 - 0 - ((595 - -4) + 4). What is the tens digit of 3*g*(-4)/24?
0
Let y(f) = -f**2 - 37*f + 60. Let i be ((-28)/6)/((-13)/(-78)). What is the tens digit of y(i)?
1
Suppose -2*s + 2*u = -76162, s = 215*u - 217*u + 38096. What is the units digit of s?
6
Suppose 3*o - 391484 = -5*c, 5*c + 4*o = 3*o + 391488. What is the ten thousands digit of c?
7
Suppose 0 = -19*r - 11984 + 87654 + 73974. What is the thousands digit of r?
7
Let u = -394 - -774. Let n = -184 + u. What is the hundreds digit of n?
1
Let n(r) = 197*r + 1077. What is the thousands digit of n(35)?
7
What is the thousands digit of (3 - 1)/(588/(-6552)*8/(-2366))?
6
Suppose -28 = -5*a + 3*a - 5*g, 4*g - 26 = -2*a. Suppose 0 = b - a*b + 704. What is the units digit of b?
8
Let i(v) = -v**2 + 7*v + 18. Let c be i(9). Let k be (c + -48)*(6 - (-39)/(-6)). Let u = 47 - k. What is the tens digit of u?
2
Suppose -3*q + 22 = 5*k, -5*q - 2*k + 29 = 5. Suppose 2*w - 10 = 0, n + q*w = 3*w + 155. Suppose 6 = -b + n. What is the tens digit of b?
4
Let g(a) = a**2 - 3*a - 23. Let j be g(7). Suppose -n - n = r - 1340, 0 = 3*n - j*r - 1997. What is the units digit of n?
9
Let o(k) = k + 17. Let h be o(-13). Suppose 2*c + 1615 = 2*y - 91, -h*c + 2545 = 3*y. Suppose 0 = 9*s - y + 302. What is the tens digit of s?
6
Suppose 5*v + 2*w + 2*w - 2052 = 0, v + 4*w = 420. Let t = v - 198. Let g = t - 139. What is the units digit of g?
1
What is the ten thousands digit of (-37 + 69124/220)/(4/170)?
1
Suppose 3*x = u - 115, -5*u + 80 = -2*x - 6*u. Suppose -2*t - 3*l - 67 = 25, 5*t + 3*l = -221. Let j = x - t. What is the units digit of j?
4
Let p = -254 - -150. Let c = 83 + p. What is the tens digit of (-124)/(-6) + 7/(c/2)?
2
Let f(c) = 130*c + 8. Let i be f(5). Let j = i - 349. Suppose 23*g - 20*g - j = 0. What is the hundreds digit of g?
1
Let n(b) = -b**3 + 5*b**2. Let f be n(4). Suppose -s + y + f = -y, 3*s + y = 27. Suppose s*a + 2236 = 23*a. What is the units digit of a?
2
Let k(o) = -3*o**2 + 9*o + 2. Let n be k(3). Suppose -4*v - 2*s = -v - 2419, n*s - 10 = 0. What is the units digit of v?
3
Suppose -28*u + 26*u + 814 = 0. Suppose 5*h + 5*j = 4*h + u, -h + 395 = 2*j. What is the hundreds digit of h?
3
Suppose -2*m + 3 = -5*o - 7, 3*m + 2 = -o. Let t be ((-10)/5)/((-15)/(-30)). What is the tens digit of (o - 7/t) + (-1096)/(-32)?
3
Let t = 104 - 98. What is the hundreds digit of ((-28)/t)/(-7) + 1789/3?
5
Suppose 45*d - 83495 = -3*j + 37*d, j - 4*d = 27785. What is the thousands digit of j?
7
Let w(n) = -797*n**3 - 22*n - 59. What is the units digit of w(-3)?
6
Suppose 270*z = 130*z + 130*z + 66660. What is the thousands digit of z?
6
Suppose 9*g + 50 = 19*g. Suppose g*z - 5*k - 600 = 0, -4*z = -2*k - 3*k - 478. What is the tens digit of z?
2
Let j(n) = 350*n**2 - n + 43. Let q be j(8). What is the hundreds digit of ((-6)/15)/((-7)/q) + 1?
2
Suppose 4*x + w - 11811 = 0, 3*x = -3*w - 3009 + 11874. What is the thousands digit of x?
2
Suppose 4962 = x + 4*j + 1652, 0 = -x - 3*j + 3304. What is the hundreds digit of x?
2
Suppose 35*m + 102 = 41*m. Suppose 854 = -10*a + m*a. What is the tens digit of a?
2
Let s = 1085 - 1083. Let x(z) = 18*z**2 - 2*z + 2. Let a be x(3). Suppose -150 = -2*u + 3*h, s*u - 5*h + 4*h - a = 0. What is the tens digit of u?
8
Suppose -3*i + 3 = 0, i - 16 = -5*o - 0*i. Suppose t + o = -y + 2*y, -3*y - 3 = -t. What is the units digit of (t/5)/(62/(-30) - -2)?
8
Let s(o) = 13*o**2 + 5*o - 8. Let x be 1/(-3) - (-128)/24. Let t be s(x). Let d = -197 + t. What is the tens digit of d?
4
Let r be 140/(-40)*12/(-7). Let v be (10/r - 1)/((-1)/(-1527)). Suppose -6*l = -v + 280. What is the hundreds digit of l?
1
Let j(o) = 0*o - 6 + 5*o**3 - 3*o**3 - 54*o**2 + 75*o**2 - 9*o - 10*o. What is the tens digit of j(-11)?
8
Suppose -3*n + 680 + 181 = 0. Let p = n - 147. What is the tens digit of p?
4
Let a(i) = 112*i**2 - 52*i - 177. What is the thousands digit of a(-17)?
3
Let d(s) = 70*s**2 - 46*s + 32. What is the tens digit of d(-13)?
6
Suppose -3*s = -5*n + 5, -s - 15 = -2*n - 3*n. Suppose -1253 = -5*j - 3*w, -n*w + 8*w + 522 = 2*j. What is the tens digit of j?
5
Let w(j) = -1. Let c(l) = 20*l**2 - 2*l + 11. Let a(q) = -c(q) - 5*w(q). Let v be a(3). What is the tens digit of 112/(-6)*v/35?
9
Suppose -3*d + 4*v + 67163 = 1572, -109329 = -5*d + 4*v. What is the thousands digit of d?
1
Suppose -5*v + m + 10124 = 0, 490 = v - 2*m - 1524. What is the hundreds digit of v?
0
Let t = 1184 + -1139. Suppose 5*j = -19 - 6. What is the units digit of 10/(j + 231/t)?
5
What is the tens digit of 135/36*3612/35?
8
Let l be (2 + 3)*8/20. Suppose -495 = -3*b + 4*v + 336, l*b - 5*v = 547. What is the tens digit of b?
8
Let m(l) = 11*l**2 - 16*l + 65. What is the thousands digit of m(-26)?
7
Let b(y) = 321*y + 5371. What is the units digit of b(0)?
1
Suppose -12446 = 4*j - 11*j. Suppose -34*d = -27*d - j. What is the units digit of d?
4
Suppose n + 3*p + 18213 + 9438 = 0, 0 = -4*n + p - 110565. What is the hundreds digit of n/(-21) + (-3 - 76/(-28))?
3
Suppose 0 = 3*n + 3*b - 269691, -n + 12*b = 15*b - 89889. What is the hundreds digit of n?
9
What is the ten thousands digit of (-18 - -34)/(-160) - (-1415522)/20?
7
Let m(q) = 3*q - 161. Let u be m(14). What is the units digit of u/(-17) + (952 - 0)?
9
Suppose -31746 = -11*p + 8*p. Let f = 16152 - p. What is the units digit of f/130 + (-4)/(-26)?
3
Let x be (7/2)/(10/60). What is the units digit of (51 - 0) + 7*15/x?
6
Let y = 404 + 2619. Suppose 7*o - 323 = y. What is the hundreds digit of o?
4
Let f(w) = 85*w**2 + 328*w + 27. What is the thousands digit of f(12)?
6
Let f(n) = -134*n + 7. Let k be f(1). What is the units digit of (-50 + 44)/(2/k)?
1
Let a(p) = 162*p - 305. Let m be a(2). Let b(i) be the second derivative of i**4/12 - 13*i**3/6 - 29*i**2/2 - i. What is the units digit of b(m)?
5
What is the units digit of ((-44)/(-33))/4*20469?
3
What is the ten thousands digit of 51977484/1560 + (2 - -3) + 2/20?
3
Let x(v) = 7*v**2 - 2*v + 2. Let c be x(2). Suppose -2*g + 2*r + 966 = 0, -30*r + 990 = 2*g - c*r. What is the tens digit of g?
8
Let h(q) = 180*q + 443. What is the tens digit of h(-1)?
6
Let z(y) = 806*y**2 + 49*y - 182. What is the tens digit of z(4)?
1
Suppose 38*p = 33*p - 30. What is the hundreds digit of ((-2 - p) + -5)*-235?
2
Let c(g) = -g**3 - 13*g**2 + 2*g + 35. Let i be c(-13). Suppose i*a - 7*a - 1308 = 0. What is the tens digit of a?
5
Let y = -78 - -73. What is the hundreds digit of -4 + y + 15 + -2 - -486?
4
Let d = 15357 + 16927. What is the hundreds digit of d?
2
Let r(j) = -j + 6. Let t be r(3). Suppose -14 + 98 = l + t*z, -4*l + 284 = -z. What is the tens digit of l?
7
Suppose 3*a - 15 = -3*n + 21, 0 = 4*a - n - 48. Suppose -a*x + 4004 = 10*x. What is the tens digit of x?
8
Let o(s) be the second derivative of s**5/20 - 3*s**4/4 - 5*s**3/3 - 13*s**2 + 4*s. Let f = -325 - -336. What is the units digit of o(f)?
6
Let t = 15997 - 5941. What is the tens digit of t?
5
Let l(f) = 439*f**2 + 1409*f + 21. What is the tens digit of l(-8)?
4
Let h(u) = 12*u - 146. Let g be h(-19). Let l = 948 + g. What is the tens digit of l?
7
Suppose -1